3. Suppose 3*q - 5 = -4*v, 2*v + 2 = -q + 3. Suppose -65 = -5*k + 5*m, -4*k = -q*m + 2*m - 43. What is the tens digit of t(k)?
1
Let r = 4694 - 3141. What is the units digit of r?
3
Let o(g) = 4*g + 366. What is the hundreds digit of o(15)?
4
Let x = 1542 - 719. What is the hundreds digit of x?
8
Let d = 33 - -69. Suppose -h + 6*h - 57 = -x, 0 = x - 4*h - d. What is the tens digit of x?
8
Let y(p) = 2*p + 31. Let n = 9 + -18. Let g(d) = d**2 + 10*d + 9. Let k be g(n). What is the tens digit of y(k)?
3
Let l(n) = n**2 + 1. Suppose 0 = -3*g - 1 + 7. Let u be l(g). What is the units digit of (u/2)/((-4)/(-8))?
5
Let o(l) = -7 - 106*l + 54*l + 49*l. What is the units digit of o(-25)?
8
Let m(n) be the third derivative of n**5/12 - n**4/8 - 2*n**3/3 - 22*n**2. What is the tens digit of m(-3)?
5
Let y be ((-1)/(-1))/(2 - 7/4). Suppose 0 = -4*r - y*l + 768, -2*l + 194 = r - 0*r. What is the hundreds digit of r?
1
Suppose -4*i = -8, -c - 12 = c - 3*i. What is the hundreds digit of (-20 - c - 0)*(3 - 10)?
1
Let z(t) = 19*t**3 + t**2 - t + 11. What is the units digit of z(3)?
0
What is the units digit of (3 - 293/(-3))*(-18 + 21)?
2
Let u(s) = -183*s + 285. What is the tens digit of u(-17)?
9
Let a = -321 + 614. What is the hundreds digit of a?
2
What is the tens digit of (-4)/(-10)*(796 - 6)?
1
Let l(j) = 168*j - 64. What is the hundreds digit of l(4)?
6
What is the tens digit of (435 + -3)*(-58)/(-87)?
8
Suppose 87 = -3*j + 516. What is the hundreds digit of j?
1
Suppose -160 = -5*q + 5. Let p = q - 23. What is the tens digit of p?
1
What is the hundreds digit of 4 - (2 + (-3 - -4)) - -140?
1
Suppose -6*y - 11 = -4*y + 5*j, -y = 4*j + 7. Let w be 3 + 3 - (-9)/y. Suppose 0 = w*k + i - 64, 80 = 3*k + i + 4*i. What is the units digit of k?
0
What is the tens digit of (10/6 + -2)/(4/(-2748))?
2
What is the hundreds digit of (5 + -2 - (-525)/(-2))*-2?
5
Let x(n) = n + 10. Let m be x(-4). Let w be 1/(-2) - m/(-12). Let v(a) = a + 21. What is the units digit of v(w)?
1
Suppose d - 3*w = 481, 2*d - 5*w = -6*w + 955. What is the tens digit of d?
7
Suppose -r + 1977 + 96 = 2*i, -5*i = 0. What is the tens digit of r?
7
Let o(a) = 10*a + 14. Let n(d) = -d**3 - 2*d**2 - 3*d - 2. Let h be n(-2). What is the tens digit of o(h)?
5
Let t = 2 - 0. Suppose -2*f = 2*z + 66, -4*f + t*z + 54 - 186 = 0. Let d = -19 - f. What is the tens digit of d?
1
Let w = 38 + -19. Let u = -16 + w. Suppose -u*b - 33 = -2*k - 4*b, -3*k - 3*b + 51 = 0. What is the tens digit of k?
1
Let h(y) = 57*y + 15. Let f be h(5). Suppose -21*z - f = -16*z. Let d = 95 + z. What is the tens digit of d?
3
Suppose 0 = y + 3, 4*k - 2*y = -3*y + 109. Suppose -k = -g + 2. What is the tens digit of g?
3
Let t be 9 + 4/(-2) + -2. Suppose 0 = t*v - 15, -6 - 8 = -4*k - 2*v. Suppose -107 = -3*f + k*q, -f + 3*q + 38 = -7. What is the tens digit of f?
3
Let c(s) = 2*s**3 + 24*s**2 + 20*s. What is the units digit of c(-9)?
6
Let c(k) = 8*k**2 - 6*k - 11. Let i be c(-4). Let x = i - -44. What is the tens digit of x?
8
Let f(h) be the third derivative of -h**4/24 - h**3/6 + 5*h**2. Let t be f(-7). Suppose -t*q + 195 = -q. What is the units digit of q?
9
Let u = -26 + 23. What is the tens digit of (u/2)/((-3)/142)?
7
Let a(o) = 2*o**2 - 29*o - 10. Let u be a(15). Suppose -4*h = -u*l + 810, 9*l = 4*l - 5*h + 765. What is the units digit of l?
8
Suppose -4*j - 8 = -2*l - 3*j, -4*l = 2*j - 8. Suppose l*p + 12 = -u, 3*u + p - 4 = -0. Suppose 31 = m + 2*w - 0*w, m - u*w = 31. What is the tens digit of m?
3
Let a(n) = n**2 - 9*n + 66. What is the tens digit of a(23)?
8
Let h = 961 + -484. What is the hundreds digit of h?
4
Suppose 4*n + 18 = n. Let a(i) = i**2 - i + 11. What is the tens digit of a(n)?
5
Let j be -3 - 4/3*-6. Suppose -c + 21 = -j*k - 10, -2*k = 4*c - 14. Let w(n) = n**2 - 4*n + 4. What is the tens digit of w(c)?
1
Let f(b) = -b**3 + 40*b**2 + 26*b - 25. What is the thousands digit of f(40)?
1
Let u(y) = 53*y**3 + y**2 - 2*y + 1. Let p(m) = -m**2 + 0*m - 2*m - 3*m - 3. Let h be p(-4). What is the tens digit of u(h)?
5
Let x(c) = c**3 - 5*c**2 - 9*c + 13. Suppose -4*i = -3*v - 43, 2*i + v + v = 4. What is the tens digit of x(i)?
4
Suppose -128 = 19*z - 3*z. Let q(c) = -8*c + 15. What is the tens digit of q(z)?
7
Let q be 5/(-3*4/6 + 3). Suppose -1013 + 143 = -q*s. What is the units digit of s?
4
Suppose 8*k - 4*k + 9 = 5*q, 2*q - k - 3 = 0. Let t(w) = 156*w + 5. What is the hundreds digit of t(q)?
1
Suppose -5*p + 345 + 60 = -5*n, 83 = p + n. What is the tens digit of p?
8
Suppose -2*m + o = -13, 4*m + o + o = 6. Suppose -m*k + 2*k = -8. What is the units digit of 101/k - (-5)/(-20)?
5
Let f(r) = r - 2. Let x be f(-2). Let k be (-42)/12 - 6/x. What is the tens digit of k/(-5 - -3) - -10?
1
Suppose -4*w + 19 = -n + w, w = 5*n - 1. Suppose 0 = v - 6*v + q + 65, -v + 3*q - n = 0. What is the tens digit of v?
1
Suppose 0 = -0*l - l + 5. Suppose l*t + 2*f = 4*f + 558, -222 = -2*t + 2*f. What is the hundreds digit of t?
1
Let z be (7*-2)/(0 - -2). Let r(h) = -6*h - 6. Let j(g) = g - 1. Let w(n) = 2*j(n) + r(n). What is the units digit of w(z)?
0
Let l(z) = -z**3 + 12*z**2 - 11*z - 6. Let u be l(11). Let f be -4 + (4/(-2) - u). Suppose f = t - 4*n - 11, 0*t + t = -n + 16. What is the tens digit of t?
1
Let j = 340 - 318. Let g = 44 - 21. Suppose g = 5*d - j. What is the units digit of d?
9
Suppose 3*v + 3*d = 6, 2*d - 4 = 2*v - 0. Suppose v = -j - m, -m = j + 2*m + 8. What is the units digit of j?
4
Let n be 30/20*110/3. Suppose 5*i - n = 5*a, 39 = 3*i - 0*a - 5*a. Suppose 12*x - 76 = i*x. What is the tens digit of x?
1
Let b(z) be the second derivative of -z**5/20 + 7*z**4/12 - z**3/3 + z**2/2 + 10*z. What is the units digit of b(4)?
1
Let n(m) = 22*m**2 + 3*m - 4. Let i be 4 + -1 + 7/((-21)/18). What is the units digit of n(i)?
5
Suppose 3*b - 3*o = 4*b + 130, -b = -4*o + 144. What is the units digit of ((-9)/(-6))/((-4)/b)?
1
Suppose -128 = -p - t, 3*p = 2*t - 3*t + 394. What is the hundreds digit of p?
1
Suppose 17815 = -67*c + 74*c. What is the thousands digit of c?
2
Let r(f) = 159*f**3 + 4*f - 1. Let a be r(2). Suppose 131 = 5*m - a. What is the tens digit of m?
8
Let a(u) = u**2 - u + 5. Let p be a(0). Let z(b) = -b**2 - b. Let f(v) = -4*v**2 + 5*v + 2. Let r(h) = -f(h) + 2*z(h). What is the tens digit of r(p)?
1
What is the hundreds digit of (198/(-44))/(((-3)/(-1))/(-618))?
9
Let z be (-8)/20 - (-32)/5. Suppose -j + 5*i - 16 = 0, z = -2*i + 16. What is the units digit of (5/2)/(j/72)?
0
Let k(c) = -5*c**2 - 3*c**2 + 3*c**3 - c + 8*c**2 - 2. What is the units digit of k(2)?
0
Let l = -700 + 1130. What is the tens digit of l?
3
Let i(h) = 63*h + 24. What is the hundreds digit of i(6)?
4
Let v(r) = r**3 + 3*r**2 - 12*r + 73. What is the hundreds digit of v(9)?
9
Let i = 503 + 762. What is the thousands digit of i?
1
Let f(o) be the third derivative of -73*o**4/24 - o**3/2 + 4*o**2. What is the units digit of f(-1)?
0
Suppose -265*q = -281*q + 55168. What is the tens digit of q?
4
What is the units digit of ((-8415)/102)/((-3)/10)?
5
Let h be 1 - -1 - (1 - 88). Let x = 1 + h. What is the units digit of x?
0
Suppose -11*u + 16*u = 10. What is the tens digit of u + 1 - (-244 - 6)?
5
Let a(h) = h**3 + 54*h**2 - 51*h - 213. What is the units digit of a(-54)?
1
Let o be 0*(-3)/(-15) - 54. Let b = o - -104. What is the tens digit of b?
5
Let t be (1 - -2)/(3/3). Let z(d) = 11*d**2 - 3*d + 10. Let n(c) = 10*c**2 - 4*c + 9. Let m(v) = t*n(v) - 2*z(v). What is the tens digit of m(3)?
6
Let r(t) = t**3 - 5*t**2 - 7*t + 9. Let c be r(6). What is the units digit of 3 - (94/2)/((-3)/c)?
0
Let j(x) = -x**3 - 5*x**2 - 6*x - 8. Let y be j(-4). Suppose 0*c - c = 4*o + 1, y = -5*o - 2*c + 1. What is the tens digit of o/7 - (-480)/28?
1
Let f(v) = -3. Let z(h) = h. Let g(w) = f(w) + 3*z(w). Let p be g(2). Suppose p*m = 67 + 26. What is the units digit of m?
1
Let w be (-2)/10 - (-349)/(-5). Let d be (9/((-18)/(-412)))/(4/(-2)). Let v = w - d. What is the tens digit of v?
3
Let d = -186 + 135. Let a = d + 331. What is the tens digit of a?
8
Suppose -7288 = -8*g - 936. What is the tens digit of g?
9
Suppose -2*y - 2*y + 20 = 0. Suppose y*l - 276 = 169. Suppose -4*c - 5*t + 77 = 0, -2*c = -6*c - t + l. What is the tens digit of